 - -34)) + -11.
51
Evaluate 8 + (-8 - -1) + 2 - (40 - -7) - 3.
-47
Calculate (47 - 43 - -8) + 40 + 1.
53
Evaluate (-85 - (10 + -3)) + (-273 - -290).
-75
2 - (-4 - 23 - (4 - (27 - 26)))
32
Calculate 0 + (35 + -51 - -56).
40
What is the value of 136 + (-39 - -1) + -32 + 27?
93
What is the value of 24 - -10 - (-74 + 90)?
18
Evaluate 3133 - 3284 - (3 + 1 - 41).
-114
What is -4 + -15 - -64 - ((-15 - (-15 + 8)) + -1)?
54
What is the value of 7 + (-29 + 66 - 104) + -13?
-73
Evaluate (5 - (-2 + 8)) + 14 + 23 + 7.
43
What is the value of (10 + -17 - 5) + -3 - (10 + -1 + 1)?
-25
Calculate -106 - -139 - 50 - -49.
32
Calculate (25 - -18 - 10) + (7 - (2 - 1)).
39
What is the value of (-45 + 29 - 25) + 32 - (1 - 0) - 6?
-16
Evaluate (-49 - -25 - -43) + 3 + 1 + -59.
-36
(-4 - 65 - -139) + 1
71
-19 + 35 + -15 + -2 + (-6 - -25)
18
-7 + 3 + -6 + 11 - (-118 + 12 + 1)
106
Calculate -131 + (-25 - -42 - -50).
-64
-17 - (18 - (46 + -25) - (1 - -12))
-1
What is the value of (-20 - -4) + (-18 + -44 - -43)?
-35
What is the value of -14 - (-50 + 28 + -39)?
47
-17 + (-13 - (-9 - 7) - (12 - 6 - 5))
-15
What is the value of -8 + 13 + -25 + 4?
-16
What is 8 + 0 - (-26 + 51 + -28 - -61)?
-50
Evaluate -1 + 0 + (-35 - (-63 + (14 - -8))) + -59.
-54
Evaluate -59 + 12 + -14 + -15 + 10 + -1.
-67
What is 90 + -59 + (14 - 142)?
-97
Evaluate -125 + -2 - (-4 + 17 + -10 + -21).
-109
(-4 - -37) + -2130 + 2176
79
What is -30 - (-3 - (-10 + (7 + -6 - -4)))?
-32
What is 75 - (-29 + 111) - -14?
7
Evaluate 1 + (-4 - 0) + (-15 - (5 + -13)).
-10
What is the value of (345 + -362 - (19 + 0)) + -1 + 13?
-24
What is the value of 1 + 6 + -39 + 2 - (12 - 11)?
-31
Evaluate 5 + (-7 - 63) - -51.
-14
Evaluate -3 - (-5 + 14 + (-9 - 4 - -8) - -10).
-17
Calculate -91 + (-34 - 17) + 70.
-72
-26 + 31 + -29 - 26
-50
Evaluate 44 + (27 - 47 - -18 - 27).
15
What is the value of 26 + -89 + (-5 - -123)?
55
Evaluate -48 - ((-28 - -58) + -15 + 15).
-78
(1 - (4 + -1 - 6)) + -2623 + 2668
49
1181 + -1306 + (-1 - 6) + -13
-145
Evaluate -36 + (137 - (-29 - (-60 + 20))).
90
What is (-1 - 5) + 5 + ((-54 - 3) + 7 - -12)?
-39
Calculate -8 - 2 - -7 - 3 - (-38 + 24).
8
135 + -139 + (-9 - -3)
-10
What is (-7 - 6 - (2 + -10)) + 8 + -2 + -45?
-44
What is (-11 - (-6 + 9 - 9) - -1) + -20?
-24
Evaluate -35 + ((13 + -8 - 22) + 5 - -2).
-45
What is the value of -24 - -68 - (22 + -47 - 13)?
82
(7 + 14 - (4 + -21)) + (0 - 6)
32
Calculate 13 - (80 + -57 + 34).
-44
Evaluate 171 - 220 - (-2 - -2 - (4 + -1 + 0)).
-46
What is the value of (6 - 1 - -98 - (440 + -417)) + (1 - 14)?
67
-57 - (-88 - 26) - 22
35
Evaluate -11 - (-7 + -9 + -2 + -1 + 11) - 74.
-77
What is the value of -33 - (-6 + 6 + (-19 + 2 - -6) - -2)?
-24
Calculate 62 - (55 + -27 - 14).
48
5 + -5 - (-110 - -74)
36
Evaluate 6 - 11 - (3 + 3 + -5 - (-172 + 198)).
20
Calculate -41 - (-112 + -8) - 54.
25
What is the value of 13 - ((1 - 8 - (20 + -36)) + 2)?
2
Evaluate -64 - (-11 + -20 + 13).
-46
What is the value of ((28 - 22) + -8 - 4) + -45?
-51
Evaluate -1 + 7 + (-9 - (1 - (-6 - -7)) - -11).
8
Calculate -80 + 104 - (-13 + (15 - -13)).
9
(-70 - -15) + -29 + 42
-42
What is -60 + 0 - (13 - 13) - (-608 - -615)?
-67
Calculate -2 + (-23 + 11 + -1 - -8).
-7
Evaluate (0 - -6) + 114 + -174 - 16 - 9.
-79
What is 68 - (5 + -11 + 2 + -11 + 29)?
54
451 + -457 - (-1 - -41)
-46
18 - (5 - (49 + -41))
21
Evaluate 86 - ((-6 - (12 + -2)) + 48 + -15).
69
(-12 - 18) + 22 - (7 + -1) - (12 + -146)
120
What is the value of 17 - (-10 + 1 + 6 + 82 + -5)?
-57
What is -19 - -26 - (20 + -5) - (-110 - (1 - 2))?
101
Calculate 48 - ((28 - 5) + -85 - -30).
80
What is 61 + -17 + -16 + (19 - 4)?
43
477 + -375 - (-10 - -38)
74
What is 26 + -23 + -27 + 75 + -2?
49
Evaluate 15 + (6 - 22 - 0 - -22).
21
What is the value of 8 + -23 + (-5 - -14 - -3) + -1 - -125?
121
What is 18 - (45 + -18 + -13) - (-96 - 2)?
102
What is the value of (25 + -1 - (-78 - -57)) + -21?
24
What is the value of 140 + -156 - (-1 - (13 + 9))?
7
Evaluate (3 - (-96 - 2)) + (7108 - 7079).
130
Evaluate 18 + (45 - (17 - -14 - 9)).
41
41 - (6 + -10 + -4 + 6 - (1 - 1))
43
What is (25 - 13 - (4 + -14)) + -59?
-37
1 + 11 + (7 - 22) + (28 - 41)
-16
Evaluate 7 + (-2 - -48 - 92).
-39
Calculate 3 + -4 + -11 + -3 - (550 - 602).
37
Calculate 15 - (-4 - (15 - ((-20 - -13) + 96))).
-55
What is the value of (111 + -303 - -97) + 48?
-47
(-30 - -1 - 0) + (-407 - -423)
-13
What is the value of (-179 - -64) + (-30 - -19) + 23?
-103
What is the value of (-1175 - -1109) + (42 - -1)?
-23
What is 39 + 10 + (24 - 17) + 21 - (10 + 1)?
66
11 + -5 + (1 - 30)
-23
Calculate 36 + (13 - (0 + 3 + 12 + -8)).
42
-90 + 61 - (-12 - 58)
41
Calculate -14 + (4 - 21 - (10 + (-4 - 2))).
-35
Evaluate -19 + 3 + (90 - 91).
-17
133 + -114 - (6 - (113 + -2)) - (0 - 2)
126
What is the value of 1 + 2 + -4 + -23 + (6 - -7) + 22?
11
Calculate 5 + 23 - (-175 + 65 + 110).
28
What is -20 + -14 + 28 + 3 - (1 + -10)?
6
What is the value of 37 - 9 - 19 - (35 - -2)?
-28
Calculate 14 + (18 - -3) + (-26 - -32 - 17).
24
What is 7 + (22 - (-13 + 17 + 34))?
-9
What is the value of (-4 - -6) + -2 + -15 + (-3 - -9) + -6?
-15
Evaluate -29 + (-37 - -45 - ((6 - 0) + -1)).
-26
(-103 - 7 - -5) + -2 + (4 - -2 - -3)
-98
What is the value of 160 - 149 - (-3 - -1) - (-28 - -2)?
39
What is 8 + 10 + (7 - -61) + 9 + -3?
92
Evaluate -45 + -21 + 15 + 87.
36
What is 6 + (21 - (36 + -10)) + 6 + -19?
-12
Evaluate -55 + 2 - ((-7 - -2) + 34 + -12).
-70
What is -82 + (56 - 45) - ((-8 - -2) + 4 + -2)?
-67
What is the value of -21 - (-19 - (9 - 13)) - (29 + -10)?
-25
Calculate 1 + 29 - (169 - (5 + 211)).
77
What is -8 - ((-43 - -12) + -10)?
33
What is 0 + 142 + 7321 + -7371?
92
(0 - -12 - (-8 - -2)) + (-143 - -141)
16
What is the value of 7 - ((165 - 197) + (0 + 1 - (8 + -15)))?
31
Evaluate 70 + 17 + -1 - 28.
58
11 + (0 - (135 - 83))
-41
What is the value of (5 - 1) + (-16 - (18 - 46)) + -64?
-48
What is the value of -32 + 2 + -74 + 87 - -133?
116
Evaluate (-5 - (-40 - -33) - -11) + -43.
-30
24 + 13 + 7 + -48
-4
What is 16 - (-22 + 38 + -7) - (-1 + (-1 - -29))?
-20
Evaluate (-7 + 10 - (-1 + 5 + -16)) + -46.
-31
What is the value of (30 - (3 - (-4 + 1))) + (-6 - 4) - -85?
99
What is the value of (-28 - ((-15 - -15) + -14)) + 7 - -10?
3
Evaluate 91 + -2 - (3 + -15 + 17 + 9).
75
Calculate 0 - (-4 - 81) - (-4 - -3).
86
What is 10 - -3 - ((58 - -57) + -63)?
-39
Calculate -10 + -20 + -10 + 16 - -5.
-19
Calculate -7 + (6 - 0) + 132 + -53 - 0.
78
What is (-13 - 27 - -62) + -27 - 74?
-79
(0 - (2 + 10)) + -406 + 385
-33
Calculate -47 + (97 - 73) - (-4 + 1).
-20
What is (-18 - (-8 - -34)) + 63?
19
What is the value of (-35 - (-6 + (2 - 0))) + 315 + -303?
-19
0 - 128 - (-2457 - -2347)
-18
Evaluate -13 - (1 + -21) - 29.
-22
Evaluate (-281 - -269) + (3 - 1).
-10
Evaluate ((-21 - -10) + 9 + 9 - 12) + (0 - 0).
-5
Calculate -2 + 29 + -98 + (11 + 3 - 3).
-60
What is -85 - (-51 + -9) - -67?
42
What is 10 + (-4 + 12 - (41 + -39) - 31)?
-15
What is (15 - 7) + -26 + 30 + -18 - (5 + 2)?
-13
What is 3 + -72 - (-861 + 865)?
-73
Evaluate 22 + (-2 - ((-8 - (7 - -2)) + 4)).
33
What is the value of (2 - -27) + 213 + -222 - -6?
26
93 - 140 - (5 + -49)
-3
What is 5192 + -5364 - (4 - 103)?
-73
Evaluate (3 - (-3 - -5)) + (185 - 171).
15
What is the value of 1 - -1 - ((-78 - -191) + -17 + -12)?
-82
Evaluate -79 + (19 + 17 + -18 - (8 - (2 + -2))).
-69
What is (2 - (145 - 104)) + 0 + 147?
108
What is -10 + (-13 - -23) + 6 - (-20 - 30)?
56
Calculate 73 - 33 - -16 - 77.
-21
What is the value of -2 + -1 - (-752 + 611) - (5 + -11)?
144
Evaluate -65 + 92 - -2 - 13.
16
61 - (31 + 1) - -4
33
What is (16 - -4 - 10 - (9 - -1)) + 45 + 12?
57
Evaluate -3 + -39 - (1076 + -1078).
-40
What is -68 + -1 - -7 - -8 - (-30 - -24)?
-48
Calculate (18 - 5) + -62 + 26 - -73.
50
-36 + -83 - ((-22 - 8) + 7)
-96
What is the value of -22 - (31 + -183 + 85)?
45
What is the value of -190 + 125 - (-5 + -24) - -42?
6
836 + -886 + (128 - 7)
71
1 - 2 - (1169 - 1188)
18
(3 + 46 - (41 + -27)) + (1 - 5)
31
-19 + 13 + 3 + (74 + -7 - 5)
59
11 - 0 - (8 - (17 + -54)) - 4
-38
Evaluate 2 + 63 + (-7 - (2 - 43 - (-429 + 401))).
71
What is the value of 589 + -700 + 9 + -2?
-104
Evaluate -1281 + 1369 - (7 - (54 + 4)).
139
What is the value of 6 + (-3 - -2 - (6 + 14)) - -28?
13
What is (10 - 19) + -13 + 8 + 6?
